
58
What is the value of (1 - 24) + (150 - (-87 - -122))?
92
What is the value of (2 - (-14 - (-4 + 3) - -4)) + -7 + -65?
-61
What is the value of 143 - 197 - (-4 + -37)?
-13
(282 - 296) + (2 - 14 - 0)
-26
Calculate (-19 - 2 - (-585 - -501)) + 8.
71
What is the value of -51 + (-153 - -88 - -134)?
18
(-6 - (8 + (-3 - 1))) + (1360 - 1348)
2
What is the value of (0 + 33 - (581 + -573)) + (0 - -8) + -1?
32
What is 31 - (19 + -17 + -8)?
37
-18 + -1 + 1 - (-29035 - -29081)
-64
(-3 + 0 - (-26 + 7 + 6) - 0) + 61
71
55 - (-6 + 119) - -44
-14
What is the value of 0 - -66 - (-17 - (-28 + -12 + 1))?
44
(-4 - 44) + 42 + 3 + -29
-32
Evaluate 117 - 127 - (-14 - (-2 - (1 - -3))).
-2
-60 + 43 + -26 + (4 - 2) + (1 - 4)
-44
What is -6 + 64 + -15 - 68?
-25
7 + (-5 - (14 - (-7 - (3 + -17))) - 15)
-20
(0 - (6 + -17)) + (-6 - 7) + 57
55
44 - -13 - (8 + (-16 - (4 - 29)))
40
Calculate -8 + (-4 - -6) - (0 + -20).
14
Evaluate 0 - (185 - 71 - 83).
-31
What is the value of (90 - (47 - -25)) + (6 + 0 - (-6 + 27))?
3
What is the value of 3 + 2 - -21 - (4 - 20 - -12 - -1)?
29
What is the value of -62 + (92 - (-30 + 97))?
-37
Evaluate (-27 - 11 - 5) + (-10 + 13 - -10).
-30
Calculate 1 - (-3 + 3 + (-2 + -5 - (-6 + -5))).
-3
What is (-6 - (-27 + 23 + -1 + -1)) + -88 + 5?
-83
What is (-2 - -10) + (121 - 143)?
-14
What is the value of 50 - 61 - -23 - (-3 - 26)?
41
What is 0 + 9 + (-42 - (35 - -18))?
-86
Calculate 58 + (24 - 6) + (-56 - -25).
45
Calculate -97 + 200 + -98 - (-3 + 2 + -30).
36
Calculate -2 - 44 - (-10 + 33 + -17) - -12.
-40
3 + -23 - (2 + 5 + 8 + -12 + 7)
-30
Calculate 2 + -1 - (-48 - 104 - -147).
6
Evaluate (63 + 7 - 106) + -5 + 0.
-41
What is the value of -75 + -5 - (2008 - 2158)?
70
43 - (-40 + 73) - (21 - 0) - -53
42
Calculate 70 + -86 - (-52 - 0 - 4).
40
What is (-28 + 13 - (-31 + -13)) + 58?
87
What is -118 + (-53 - (-101 + -16))?
-54
Calculate (3 - 2 - -34) + 141 + -185 + 38.
29
Calculate 151 + 0 - (32116 - 32083).
118
What is the value of -51 + 18 + 35 + (-81 - -2) + 3?
-74
What is -4 + -3 + 1 + -1 - (-67 + 1 + 43)?
16
What is -220 + 233 - (-33 - -2)?
44
What is 43 + (-3 + 0 - (8 - (-11 - (-8 - 8))))?
37
What is the value of 18 + 69 + -72 + 37 + -52?
0
Calculate (1 - -3) + 10 + -2 + -199 + 159.
-28
Calculate (11 - -4) + 20 - 28 - (-52 + 3).
56
Calculate 78 - 2 - (-2104 - -2104).
76
(141 - (40 + 20)) + (-7 - 1)
73
Calculate 9 - ((-30 + 8 + -2 - 8) + -1 - -1).
41
What is the value of 1 + -121 - (12954 + -13127)?
53
Evaluate 33 + 3 + (-400 - -411).
47
What is the value of 436 + -437 + (12 - 1) - (-1 + -2)?
13
What is 69 + -57 + 75 + -54?
33
Evaluate 54 + -165 + 46 + 105.
40
What is 64 - (-2 + 16 - 5)?
55
Evaluate 10 - (2 - 3) - (109 + -1 - (-2317 + 2307)).
-107
What is the value of 35 - (4 + -24 - (2 - 55))?
2
Calculate -9 - -1 - (12 - 223 - -311).
-108
What is (4 - 43 - -15) + 37 + 35?
48
Evaluate 1140 - 1289 - ((0 - 2) + -13).
-134
Calculate -91 - (-3 - (129 - 23)).
18
Calculate 26 - (26 + -26) - (75 - 10).
-39
What is (-26 - ((4 - 12) + -3 + -6)) + 1 + -123?
-131
(-45 - (8 - 8)) + 50
5
Evaluate (-19 - -22) + 9 + (-1 - 0) - (-535 - -492).
54
What is 87 - -117 - 104 - 118?
-18
-49 + -9 + 56 - -24
22
-4 - (-5 - (-4 + -12) - -89)
-104
-90 - (-53 + (-40 - -43))
-40
-1 + 7 - (10047 - 10087)
46
What is (-1 - -85) + (353 - 403)?
34
What is the value of 18 - (-4 + -3 + 11 + -39)?
53
What is the value of -15 + 4 + 81 - 33?
37
Evaluate -6 + -35 + 15 + 7 + 3.
-16
Evaluate -52 + (2 - 4) + (-665 - -673) + (2 - 6).
-50
What is the value of 3 + -10 + -54 + 10 + 14?
-37
What is the value of 128 + -32 + (1 - 28) - (0 - 15)?
84
Calculate 3 - (15 - 8 - 31 - 6 - -6).
27
Evaluate (11 - 11) + 1 + -67 - (-5 + -8).
-53
What is the value of -1 + -8 + -14 + 1 + 2 + (-17 - -61)?
24
What is (17 - (12 + (-2 - 14))) + -6?
15
What is the value of (644 - 613) + (1 - (37 + 1))?
-6
What is the value of -41955 - -41946 - (1 + -1 - -74)?
-83
What is 0 + -53 + (21 - ((-9 - -12) + -4) - 14)?
-45
What is the value of (-4 - -3 - (3 + (2 - 6))) + 0?
0
Calculate 371 + -344 - (-11 - -41).
-3
Calculate -23 - -21 - (-4 + 7 + -8) - -117.
120
-479 - -459 - (-1 + -39)
20
What is 1 - (7 + 35 + 13) - (-3 - -2) - -10?
-43
What is the value of -73 - ((-24 - -3) + 45 + 4)?
-101
8 - ((35 + -24 + 7 - 48) + (4 - -1))
33
What is (-1 - -41) + -123 + 58 + -108?
-133
-27 - ((47 - 32) + -87)
45
Evaluate (-322 - -353) + -44 + -14 + (0 - (1 - -8)).
-36
(7 + (1 - (10 + -13 - -3)) - 63) + 10
-45
Evaluate -8 - (-15 + 8 + 12 + -3 + -10).
0
What is the value of 78 - ((-20 - -38) + 5 + -6)?
61
Evaluate 7 + -22 + -9 + -5 - (-18 + 2).
-13
-34 - ((-501 - -528) + (-65 - 0))
4
What is the value of (99 - 25) + (-4 + 4 - -2 - 0) - 7?
69
(1 - -3 - (-1 + -35 + (-1039 - -1082))) + -5
-8
Calculate (33 - 58) + -67 - -34.
-58
Calculate 99 - 72 - -65 - -37.
129
Calculate (-38 - -1) + 3 + 186 + -26.
126
What is -74 + (21 - (-16 + 14)) - 22?
-73
Evaluate 22 + -42 + 73 - 150.
-97
Calculate -29 - -32 - (-17 - 0).
20
Evaluate (-82 - (28 - 250)) + -114.
26
Evaluate -2 - (-70 + -1 - (-32 + (21 - -5))).
63
What is the value of -17 + 24 - (53 + (-7 + 12 - 17) + 5)?
-39
Evaluate -43 + 282 + -46 - 94.
99
What is the value of -100 - (37 - 124) - (1 + -23)?
9
Calculate 51 + -49 + -9 + 38.
31
What is the value of 1 + 6 - 33 - (-146 - -139)?
-19
What is the value of (492 - 491) + -1 + 15?
15
-17 - -26 - (10 + -21 + 17) - 58
-55
-26 + (-46 - -36) + -23 + -17
-76
Calculate -6 + 55 - 69 - -37.
17
What is (-14 - 1) + 78 + -48 + -30?
-15
Evaluate (4 - (10 - 15) - 8) + (-42 - 66).
-107
(-2 - -29) + 505 + -601
-69
What is the value of 6592 - 6662 - (-23 - (-1 + 1))?
-47
What is 1 + (10 - 17 - (29 + -20))?
-15
What is (-36 - 14 - -56) + 2 + (3 - -33)?
44
What is 13 + (-1 - (-41 - -88))?
-35
(99 - 108) + 79 + -1 + -11
58
27 + (3 - 7) + (108 - (62 - -198))
-129
0 + 0 - (6 - (-5 - -7 - (21 - 32)))
7
Evaluate -3 + -17 - (-211 - -219).
-28
Calculate 722 - 679 - (12 - -1 - -1).
29
31 + (-28 - -16 - (-20 - (6 + -8)))
37
What is 64 + (59 + -47 - 74)?
2
What is the value of -12 - (17 + 33 + -54)?
-8
What is the value of 80 + (12 + -84 - -62)?
70
(22 - (2 + 1)) + (-52 - (67 + -27))
-73
What is 89 + -34 + -63 - -78?
70
What is -68 - (-19 + -80) - (5 + -1)?
27
Evaluate -13 + (-23 - -29 - -20 - 6).
7
What is the value of -72 + 62 + (-30 - -55) + -63?
-48
What is the value of -5 + (14 - -18) + -34 - (14 + -1)?
-20
What is the value of 87 + 0 + (-22 - 19)?
46
Evaluate -4 + (-3 - -9 - -4) + -2 + -13.
-9
4 + 16 + 4 + -3 + 105 + -126
0
What is the value of (-45 - -7) + (-16 - -9) + (0 - -1)?
-44
Evaluate -29 + 35 - (-5 + (-60 + 4 - -10)).
57
Evaluate 149 - (189 + 23) - (1 + -25).
-39
-80 - (-53 - (-34 - -22))
-39
What is the value of -16 + -24 + 83 + -35?
8
Calculate -8 - (-20 + -35) - -2.
49
What is (27 + -100 - -20 - -27) + 35?
9
What is (-146 - (-129 + -12)) + (-40 - -2)?
-43
Evaluate 2 - (-49 + 5 + -13 + 11 + 11).
37
Evaluate (268 - 275) + 8 + -27.
-26
Calculate -47 + 58 + -45 + -51.
-85
Calculate -9 + 54 + -11 + -62.
-28
16 - (-13 - (-7 + -3 + (-3 - -11 - 2)))
25
(-33 - (46 + -57)) + 12
-10
-213 + 171 - (0 + -10)
-32
Evaluate -220 + (115 - -121) + (83 - (-1 + -1)).
101
Calculate (2 - 0) + -3 + (43 - -45 - 49).
38
Calculate (15 + -3 - -10) + (-99 - -16).
-61
35 + -124 + 326 + -317
-80
(1 - -94) + (-27 - (31 + -37 + -13))
87
Calculate (4 - -22 - 0) + (-244 - -237).
19
-35 + 0 + (-20 - -24 - 5) + 8 - 8
-36
What is the value of 0 + (34 - 9 - (-14 - 4)) - (-4 - 2)?
49
Evaluate -155 + 115 + 4 - -22.
-14
(-5 + 4 + -1 - -7) + 40 + 8
53
Evaluate 2 + 1 + (26 - ((30 - -7) + -12)).
4
Evaluate 47 - (-27 + 6 - -16 - (-12 + (1 - -4))).
45
What is -1 + -38 + 563 + -539?
-15
Calculate -67 + (-4 - -32) + -38 + 11.
-66
15 + -74 + (-121 - -101)
-79
Calculate 49 - (42 - (-27 - -46)).
26
What is the value of 24 + -1 + -138 - -44?
-71
Calculate -37 - -41 - (25 - -1) - (-74 - -66).
-14
Calculate -177790 - -177787 - (2 + -1 + (-1 - -1) + 12).
-16
What is (1 + -1 + -466 + 469 - 0) + (63 - 0)?
66
Calculate -4 + (19 - (62 + -35)) + -62.
-74
What is the value of -28 + (62 + -70 - (17 + -132))?
79
Evaluate (72 - 42 - -30) + -47.
13
Calculate 4 + -3 + (-3 - -3 - (-26 - 29)).
56
What is the value of 9 - (1 + 7 + (-274 - -225))?
50
27 - (6 + 2 + -13 + 8 + 10) - 56
-42
What is the value of 37 - (30 + 36 